 is the ten thousands digit of 12081819?
8
What is the ten thousands digit of 1522876730?
7
What is the millions digit of 13833857?
3
What is the hundreds digit of 656363620?
6
What is the hundred millions digit of 1619572013?
6
What is the millions digit of 4495575826?
5
What is the thousands digit of 59236844?
6
What is the hundred thousands digit of 230768565?
7
What is the hundred millions digit of 333736097?
3
What is the thousands digit of 107857582?
7
What is the millions digit of 43732055?
3
What is the ten thousands digit of 74973866?
7
What is the thousands digit of 354853525?
3
What is the hundred millions digit of 1463000515?
4
What is the units digit of 710606958?
8
What is the ten thousands digit of 60588183?
8
What is the thousands digit of 9554087?
4
What is the hundreds digit of 26497864?
8
What is the hundred millions digit of 4654621461?
6
What is the units digit of 120066169?
9
What is the millions digit of 216215476?
6
What is the millions digit of 36156334?
6
What is the ten thousands digit of 6436856?
3
What is the tens digit of 981795252?
5
What is the units digit of 654156033?
3
What is the hundreds digit of 4219331775?
7
What is the ten thousands digit of 545616155?
1
What is the hundred millions digit of 1495027805?
4
What is the millions digit of 256749180?
6
What is the ten thousands digit of 10820579?
2
What is the thousands digit of 2427466767?
6
What is the units digit of 195067721?
1
What is the thousands digit of 1605469028?
9
What is the units digit of 176443464?
4
What is the ten millions digit of 3135726513?
3
What is the ten thousands digit of 3031536188?
3
What is the ten millions digit of 11278288?
1
What is the hundreds digit of 60447616?
6
What is the tens digit of 3470780192?
9
What is the ten thousands digit of 27925818?
2
What is the tens digit of 2820436611?
1
What is the ten thousands digit of 371016642?
1
What is the hundreds digit of 24787244?
2
What is the hundreds digit of 95521046?
0
What is the hundreds digit of 70389377?
3
What is the hundred thousands digit of 192517902?
5
What is the ten thousands digit of 105154336?
5
What is the hundred thousands digit of 145177711?
1
What is the billions digit of 1980162930?
1
What is the hundreds digit of 1588476454?
4
What is the ten millions digit of 47779347?
4
What is the ten thousands digit of 583808022?
0
What is the thousands digit of 1950065860?
5
What is the ten thousands digit of 805638865?
3
What is the units digit of 237986753?
3
What is the hundred thousands digit of 24421547?
4
What is the hundred thousands digit of 5216671315?
6
What is the tens digit of 280902859?
5
What is the tens digit of 336710092?
9
What is the hundreds digit of 673256479?
4
What is the hundreds digit of 5724549519?
5
What is the hundreds digit of 13199891?
8
What is the tens digit of 18468618?
1
What is the billions digit of 5511174521?
5
What is the units digit of 342957179?
9
What is the ten thousands digit of 23151178?
5
What is the hundred millions digit of 297591122?
2
What is the millions digit of 355368990?
5
What is the millions digit of 1363834113?
3
What is the hundreds digit of 2060963479?
4
What is the thousands digit of 288497599?
7
What is the hundred millions digit of 486594836?
4
What is the units digit of 205139692?
2
What is the ten thousands digit of 48968254?
6
What is the hundred thousands digit of 45521983?
5
What is the tens digit of 12701345?
4
What is the units digit of 35724404?
4
What is the hundred millions digit of 208491312?
2
What is the units digit of 82946527?
7
What is the ten millions digit of 140151570?
4
What is the hundred millions digit of 2954932636?
9
What is the hundred thousands digit of 3606260730?
2
What is the hundreds digit of 763696964?
9
What is the hundred thousands digit of 97644332?
6
What is the tens digit of 2600020008?
0
What is the ten millions digit of 1212569576?
1
What is the hundred thousands digit of 3532396?
5
What is the hundreds digit of 13825961?
9
What is the ten thousands digit of 38817396?
1
What is the ten thousands digit of 117125639?
2
What is the thousands digit of 3429188191?
8
What is the ten millions digit of 64569893?
6
What is the ten thousands digit of 226915637?
1
What is the thousands digit of 787316270?
6
What is the hundreds digit of 381712860?
8
What is the ten millions digit of 256829990?
5
What is the units digit of 3908252680?
0
What is the units digit of 65540154?
4
What is the hundreds digit of 310182591?
5
What is the units digit of 927266932?
2
What is the hundred thousands digit of 55017714?
0
What is the millions digit of 161030264?
1
What is the hundreds digit of 581484552?
5
What is the ten millions digit of 1521974740?
2
What is the billions digit of 2064234852?
2
What is the ten millions digit of 91952527?
9
What is the units digit of 212173455?
5
What is the ten millions digit of 253670232?
5
What is the units digit of 40224149?
9
What is the ten millions digit of 2017805738?
1
What is the units digit of 202730861?
1
What is the units digit of 524833931?
1
What is the ten millions digit of 882117384?
8
What is the tens digit of 5178620?
2
What is the ten millions digit of 13552513?
1
What is the units digit of 382227146?
6
What is the hundred millions digit of 342726675?
3
What is the tens digit of 22877979?
7
What is the thousands digit of 660340871?
0
What is the thousands digit of 4441029054?
9
What is the ten thousands digit of 146863103?
6
What is the tens digit of 4565657915?
1
What is the units digit of 266284347?
7
What is the units digit of 110013556?
6
What is the millions digit of 49130268?
9
What is the ten millions digit of 51816524?
5
What is the thousands digit of 86122981?
2
What is the thousands digit of 53585315?
5
What is the hundred thousands digit of 64433106?
4
What is the billions digit of 1547237251?
1
What is the thousands digit of 48848407?
8
What is the hundreds digit of 435103564?
5
What is the tens digit of 527281076?
7
What is the hundreds digit of 120901296?
2
What is the ten millions digit of 216038954?
1
What is the ten thousands digit of 1371086205?
8
What is the ten millions digit of 280310661?
8
What is the units digit of 5026515022?
2
What is the hundreds digit of 30107837?
8
What is the ten thousands digit of 40726259?
2
What is the ten thousands digit of 34969089?
6
What is the hundreds digit of 1187860482?
4
What is the hundred millions digit of 190010506?
1
What is the hundred millions digit of 959826741?
9
What is the units digit of 59536420?
0
What is the thousands digit of 47386708?
6
What is the hundreds digit of 76426821?
8
What is the hundred thousands digit of 442229808?
2
What is the hundreds digit of 536470924?
9
What is the units digit of 751540462?
2
What is the ten thousands digit of 395570965?
7
What is the hundred thousands digit of 21719471?
7
What is the units digit of 562357652?
2
What is the ten millions digit of 50365931?
5
What is the units digit of 967664642?
2
What is the hundred millions digit of 234883678?
2
What is the ten millions digit of 2562581036?
6
What is the millions digit of 315328861?
5
What is the ten millions digit of 80699972?
8
What is the hundreds digit of 2495519074?
0
What is the hundred thousands digit of 220890331?
8
What is the ten thousands digit of 1984238385?
3
What is the thousands digit of 13382985?
2
What is the units digit of 1491593434?
4
What is the hundred thousands digit of 734413964?
4
What is the units digit of 26710252?
2
What is the hundreds digit of 397864211?
2
What is the ten thousands digit of 1201221?
0
What is the hundreds digit of 71291135?
1
What is the ten thousands digit of 88376380?
7
What is the hundreds digit of 23396175?
1
What is the millions digit of 901956142?
1
What is the millions digit of 4555686?
4
What is the hundreds digit of 672726789?
7
What is the units digit of 4311783558?
8
What is the ten thousands digit of 380081368?
8
What is the units digit of 545443238?
8
What is the thousands digit of 17986725?
6
What is the ten millions digit of 125993681?
2
What is the hundred millions digit of 714744186?
7
What is the ten thousands digit of 883909579?
0
What is the hundred millions digit of 295914456?
2
What is the hundred thousands digit of 92